{"id":1200,"date":"2015-12-16T14:54:48","date_gmt":"2015-12-16T16:54:48","guid":{"rendered":"http:\/\/www.centronocaminhodaluz.com.br\/?page_id=1200"},"modified":"2018-08-18T16:04:37","modified_gmt":"2018-08-18T19:04:37","slug":"cursos","status":"publish","type":"page","link":"https:\/\/www.centronocaminhodaluz.com.br\/index.php\/cursos\/","title":{"rendered":"Cursos"},"content":{"rendered":"<h3>Preparat\u00f3rio<\/h3>\n<blockquote><p>Objetivos:<br \/>\nProporcionar aos educandos:<\/p>\n<ul>\n<li>Vis\u00e3o da Doutrina Esp\u00edrita em seu tr\u00edplice aspecto: filosofia, ci\u00eancia e religi\u00e3o;<\/li>\n<li>Sugerir e estimular a busca com profundidade das obras b\u00e1sicas:\n<ul>\n<li>Livro dos Esp\u00edritos<\/li>\n<li>Livro dos M\u00e9diuns<\/li>\n<li>Evangelho segundo o Espiritismo<\/li>\n<li>A G\u00eanese<\/li>\n<li>O C\u00e9u e o Inferno<\/li>\n<\/ul>\n<\/li>\n<li>Reformular conceitos religiosos, buscando uma compreens\u00e3o desprovida de dogmas e medos, com consequentes mudan\u00e7as de comportamento.<\/li>\n<\/ul>\n<\/blockquote>\n<h3>B\u00e1sico I<\/h3>\n<blockquote><p>Objetivos:<\/p>\n<blockquote><p>A compreens\u00e3o evang\u00e9lica e doutrin\u00e1ria, com bases no Antigo e Novo Testamento, e suas rela\u00e7\u00f5es com o Livro dos Esp\u00edritos.<\/p><\/blockquote>\n<\/blockquote>\n<h3>B\u00e1sico II<\/h3>\n<blockquote><p>Objetivos:<\/p>\n<blockquote><p>O aprofundamento de conte\u00fados evang\u00e9licos e doutrin\u00e1rios, com o estudo completo do Antigo e do Novo Testamento e suas rela\u00e7\u00f5es com o Livro dos Esp\u00edritos.<\/p><\/blockquote>\n<\/blockquote>\n<h3>Curso Medi\u00fanico &#8211; 1\u00ba ano<\/h3>\n<blockquote><p>Objetivos:<\/p>\n<blockquote><p>Educar a mediunidade do educando tendo como base o Livro dos M\u00e9diuns e o Evangelho Segundo o Espiritismo.<\/p><\/blockquote>\n<\/blockquote>\n<h3>Curso Medi\u00fanico &#8211; 2\u00ba ano<\/h3>\n<blockquote><p>Objetivos:<\/p>\n<blockquote><p>Expandir e consolidar os conhecimentos obtidos no primeiro ano do curso, abordando os mesmos t\u00f3picos em um estudo mais aprofundado.<\/p><\/blockquote>\n<\/blockquote>\n<h3>Aprendizes do Evangelho &#8211; 1\u00ba ano<\/h3>\n<blockquote><p>Objetivos:<\/p>\n<blockquote><p>Proporcionar o conhecimento da hist\u00f3ria do Cristianismo, dos primeiros crist\u00e3os e dos ensinamentos de Jesus atrav\u00e9s de suas par\u00e1bolas.<\/p><\/blockquote>\n<\/blockquote>\n<h3>Aprendizes do Evangelho &#8211; 2\u00ba ano<\/h3>\n<blockquote><p>Objetivos:<\/p>\n<blockquote><p>Expandir e consolidar os conhecimentos obtidos no primeiro ano do curso, abordando os mesmos t\u00f3picos em um estudo mais aprofundado<\/p><\/blockquote>\n<h4>Inscri\u00e7\u00f5es podem ser feitas no mesmo dia na casa esp\u00edrita<\/h4>\n<h5>Os cursos do nosso centro seguem os livros de ensino da <strong>FEESP<\/strong> (Federa\u00e7\u00e3o Esp\u00edrita do Estado de S\u00e3o Paulo) e tem como objetivo dar aos interessados uma ideia do que seja a doutrina esp\u00edrita, apresentando e sugerindo a leitura dos livros b\u00e1sicos da codifica\u00e7\u00e3o para que as pessoas que busquem a doutrina, possam compreender o seu tr\u00edplice aspecto:<\/h5>\n<h3><strong>FILOSOFIA, CI\u00caNCIA E RELIGI\u00c3O. <\/strong><\/h3>\n<h3>Visa ainda, al\u00e9m de um estudo sistematizado a viv\u00eancia do evangelho, palavras e a\u00e7\u00f5es.<\/h3>\n<\/blockquote>\n<div class=\"pvc_clear\"><\/div>\n<p id=\"pvc_stats_1200\" class=\"pvc_stats all  \" data-element-id=\"1200\" style=\"\"><i class=\"pvc-stats-icon medium\" aria-hidden=\"true\"><svg aria-hidden=\"true\" focusable=\"false\" data-prefix=\"far\" data-icon=\"chart-bar\" role=\"img\" xmlns=\"http:\/\/www.w3.org\/2000\/svg\" viewBox=\"0 0 512 512\" class=\"svg-inline--fa fa-chart-bar fa-w-16 fa-2x\"><path fill=\"currentColor\" d=\"M396.8 352h22.4c6.4 0 12.8-6.4 12.8-12.8V108.8c0-6.4-6.4-12.8-12.8-12.8h-22.4c-6.4 0-12.8 6.4-12.8 12.8v230.4c0 6.4 6.4 12.8 12.8 12.8zm-192 0h22.4c6.4 0 12.8-6.4 12.8-12.8V140.8c0-6.4-6.4-12.8-12.8-12.8h-22.4c-6.4 0-12.8 6.4-12.8 12.8v198.4c0 6.4 6.4 12.8 12.8 12.8zm96 0h22.4c6.4 0 12.8-6.4 12.8-12.8V204.8c0-6.4-6.4-12.8-12.8-12.8h-22.4c-6.4 0-12.8 6.4-12.8 12.8v134.4c0 6.4 6.4 12.8 12.8 12.8zM496 400H48V80c0-8.84-7.16-16-16-16H16C7.16 64 0 71.16 0 80v336c0 17.67 14.33 32 32 32h464c8.84 0 16-7.16 16-16v-16c0-8.84-7.16-16-16-16zm-387.2-48h22.4c6.4 0 12.8-6.4 12.8-12.8v-70.4c0-6.4-6.4-12.8-12.8-12.8h-22.4c-6.4 0-12.8 6.4-12.8 12.8v70.4c0 6.4 6.4 12.8 12.8 12.8z\" class=\"\"><\/path><\/svg><\/i> <img decoding=\"async\" width=\"16\" height=\"16\" alt=\"Loading\" data-src=\"https:\/\/www.centronocaminhodaluz.com.br\/wp-content\/plugins\/page-views-count\/ajax-loader-2x.gif\" border=0 src=\"data:image\/svg+xml;base64,PHN2ZyB3aWR0aD0iMSIgaGVpZ2h0PSIxIiB4bWxucz0iaHR0cDovL3d3dy53My5vcmcvMjAwMC9zdmciPjwvc3ZnPg==\" class=\"lazyload\" style=\"--smush-placeholder-width: 16px; --smush-placeholder-aspect-ratio: 16\/16;\" \/><\/p>\n<div class=\"pvc_clear\"><\/div>\n","protected":false},"excerpt":{"rendered":"<p>Preparat\u00f3rio Objetivos: Proporcionar aos educandos: Vis\u00e3o da Doutrina Esp\u00edrita em seu tr\u00edplice aspecto: filosofia, ci\u00eancia e religi\u00e3o; Sugerir e estimular a busca com profundidade das obras b\u00e1sicas: Livro dos Esp\u00edritos Livro dos M\u00e9diuns Evangelho segundo o Espiritismo A G\u00eanese O C\u00e9u e o Inferno Reformular conceitos religiosos, buscando uma compreens\u00e3o desprovida de dogmas e medos,&hellip; <br \/> <a class=\"read-more\" href=\"https:\/\/www.centronocaminhodaluz.com.br\/index.php\/cursos\/\">Leia mais<\/a><\/p>\n<div class=\"pvc_clear\"><\/div>\n<p id=\"pvc_stats_1200\" class=\"pvc_stats all  \" data-element-id=\"1200\" style=\"\"><i class=\"pvc-stats-icon medium\" aria-hidden=\"true\"><svg aria-hidden=\"true\" focusable=\"false\" data-prefix=\"far\" data-icon=\"chart-bar\" role=\"img\" xmlns=\"http:\/\/www.w3.org\/2000\/svg\" viewBox=\"0 0 512 512\" class=\"svg-inline--fa fa-chart-bar fa-w-16 fa-2x\"><path fill=\"currentColor\" d=\"M396.8 352h22.4c6.4 0 12.8-6.4 12.8-12.8V108.8c0-6.4-6.4-12.8-12.8-12.8h-22.4c-6.4 0-12.8 6.4-12.8 12.8v230.4c0 6.4 6.4 12.8 12.8 12.8zm-192 0h22.4c6.4 0 12.8-6.4 12.8-12.8V140.8c0-6.4-6.4-12.8-12.8-12.8h-22.4c-6.4 0-12.8 6.4-12.8 12.8v198.4c0 6.4 6.4 12.8 12.8 12.8zm96 0h22.4c6.4 0 12.8-6.4 12.8-12.8V204.8c0-6.4-6.4-12.8-12.8-12.8h-22.4c-6.4 0-12.8 6.4-12.8 12.8v134.4c0 6.4 6.4 12.8 12.8 12.8zM496 400H48V80c0-8.84-7.16-16-16-16H16C7.16 64 0 71.16 0 80v336c0 17.67 14.33 32 32 32h464c8.84 0 16-7.16 16-16v-16c0-8.84-7.16-16-16-16zm-387.2-48h22.4c6.4 0 12.8-6.4 12.8-12.8v-70.4c0-6.4-6.4-12.8-12.8-12.8h-22.4c-6.4 0-12.8 6.4-12.8 12.8v70.4c0 6.4 6.4 12.8 12.8 12.8z\" class=\"\"><\/path><\/svg><\/i> <img decoding=\"async\" width=\"16\" height=\"16\" alt=\"Loading\" data-src=\"https:\/\/www.centronocaminhodaluz.com.br\/wp-content\/plugins\/page-views-count\/ajax-loader-2x.gif\" border=0 src=\"data:image\/svg+xml;base64,PHN2ZyB3aWR0aD0iMSIgaGVpZ2h0PSIxIiB4bWxucz0iaHR0cDovL3d3dy53My5vcmcvMjAwMC9zdmciPjwvc3ZnPg==\" class=\"lazyload\" style=\"--smush-placeholder-width: 16px; --smush-placeholder-aspect-ratio: 16\/16;\" \/><\/p>\n<div class=\"pvc_clear\"><\/div>\n","protected":false},"author":1,"featured_media":0,"parent":0,"menu_order":4,"comment_status":"closed","ping_status":"closed","template":"","meta":{"footnotes":""},"class_list":["post-1200","page","type-page","status-publish","hentry"],"a3_pvc":{"activated":true,"total_views":55397,"today_views":0},"_links":{"self":[{"href":"https:\/\/www.centronocaminhodaluz.com.br\/index.php\/wp-json\/wp\/v2\/pages\/1200","targetHints":{"allow":["GET"]}}],"collection":[{"href":"https:\/\/www.centronocaminhodaluz.com.br\/index.php\/wp-json\/wp\/v2\/pages"}],"about":[{"href":"https:\/\/www.centronocaminhodaluz.com.br\/index.php\/wp-json\/wp\/v2\/types\/page"}],"author":[{"embeddable":true,"href":"https:\/\/www.centronocaminhodaluz.com.br\/index.php\/wp-json\/wp\/v2\/users\/1"}],"replies":[{"embeddable":true,"href":"https:\/\/www.centronocaminhodaluz.com.br\/index.php\/wp-json\/wp\/v2\/comments?post=1200"}],"version-history":[{"count":0,"href":"https:\/\/www.centronocaminhodaluz.com.br\/index.php\/wp-json\/wp\/v2\/pages\/1200\/revisions"}],"wp:attachment":[{"href":"https:\/\/www.centronocaminhodaluz.com.br\/index.php\/wp-json\/wp\/v2\/media?parent=1200"}],"curies":[{"name":"wp","href":"https:\/\/api.w.org\/{rel}","templated":true}]}}

<h3>Preparatório</h3>
<blockquote><p>Objetivos:<br />
Proporcionar aos educandos:</p>
<ul>
<li>Visão da Doutrina Espírita em seu tríplice aspecto: filosofia, ciência e religião;</li>
<li>Sugerir e estimular a busca com profundidade das obras básicas:
<ul>
<li>Livro dos Espíritos</li>
<li>Livro dos Médiuns</li>
<li>Evangelho segundo o Espiritismo</li>
<li>A Gênese</li>
<li>O Céu e o Inferno</li>
</ul>
</li>
<li>Reformular conceitos religiosos, buscando uma compreensão desprovida de dogmas e medos, com consequentes mudanças de comportamento.</li>
</ul>
</blockquote>
<h3>Básico I</h3>
<blockquote><p>Objetivos:</p>
<blockquote><p>A compreensão evangélica e doutrinária, com bases no Antigo e Novo Testamento, e suas relações com o Livro dos Espíritos.</p></blockquote>
</blockquote>
<h3>Básico II</h3>
<blockquote><p>Objetivos:</p>
<blockquote><p>O aprofundamento de conteúdos evangélicos e doutrinários, com o estudo completo do Antigo e do Novo Testamento e suas relações com o Livro dos Espíritos.</p></blockquote>
</blockquote>
<h3>Curso Mediúnico &#8211; 1º ano</h3>
<blockquote><p>Objetivos:</p>
<blockquote><p>Educar a mediunidade do educando tendo como base o Livro dos Médiuns e o Evangelho Segundo o Espiritismo.</p></blockquote>
</blockquote>
<h3>Curso Mediúnico &#8211; 2º ano</h3>
<blockquote><p>Objetivos:</p>
<blockquote><p>Expandir e consolidar os conhecimentos obtidos no primeiro ano do curso, abordando os mesmos tópicos em um estudo mais aprofundado.</p></blockquote>
</blockquote>
<h3>Aprendizes do Evangelho &#8211; 1º ano</h3>
<blockquote><p>Objetivos:</p>
<blockquote><p>Proporcionar o conhecimento da história do Cristianismo, dos primeiros cristãos e dos ensinamentos de Jesus através de suas parábolas.</p></blockquote>
</blockquote>
<h3>Aprendizes do Evangelho &#8211; 2º ano</h3>
<blockquote><p>Objetivos:</p>
<blockquote><p>Expandir e consolidar os conhecimentos obtidos no primeiro ano do curso, abordando os mesmos tópicos em um estudo mais aprofundado</p></blockquote>
<h4>Inscrições podem ser feitas no mesmo dia na casa espírita</h4>
<h5>Os cursos do nosso centro seguem os livros de ensino da <strong>FEESP</strong> (Federação Espírita do Estado de São Paulo) e tem como objetivo dar aos interessados uma ideia do que seja a doutrina espírita, apresentando e sugerindo a leitura dos livros básicos da codificação para que as pessoas que busquem a doutrina, possam compreender o seu tríplice aspecto:</h5>
<h3><strong>FILOSOFIA, CIÊNCIA E RELIGIÃO. </strong></h3>
<h3>Visa ainda, além de um estudo sistematizado a vivência do evangelho, palavras e ações.</h3>
</blockquote>
<div class="pvc_clear"></div>
<p id="pvc_stats_1200" class="pvc_stats all  " data-element-id="1200" style=""><i class="pvc-stats-icon medium" aria-hidden="true"><svg aria-hidden="true" focusable="false" data-prefix="far" data-icon="chart-bar" role="img" xmlns="http://www.w3.org/2000/svg" viewBox="0 0 512 512" class="svg-inline--fa fa-chart-bar fa-w-16 fa-2x"><path fill="currentColor" d="M396.8 352h22.4c6.4 0 12.8-6.4 12.8-12.8V108.8c0-6.4-6.4-12.8-12.8-12.8h-22.4c-6.4 0-12.8 6.4-12.8 12.8v230.4c0 6.4 6.4 12.8 12.8 12.8zm-192 0h22.4c6.4 0 12.8-6.4 12.8-12.8V140.8c0-6.4-6.4-12.8-12.8-12.8h-22.4c-6.4 0-12.8 6.4-12.8 12.8v198.4c0 6.4 6.4 12.8 12.8 12.8zm96 0h22.4c6.4 0 12.8-6.4 12.8-12.8V204.8c0-6.4-6.4-12.8-12.8-12.8h-22.4c-6.4 0-12.8 6.4-12.8 12.8v134.4c0 6.4 6.4 12.8 12.8 12.8zM496 400H48V80c0-8.84-7.16-16-16-16H16C7.16 64 0 71.16 0 80v336c0 17.67 14.33 32 32 32h464c8.84 0 16-7.16 16-16v-16c0-8.84-7.16-16-16-16zm-387.2-48h22.4c6.4 0 12.8-6.4 12.8-12.8v-70.4c0-6.4-6.4-12.8-12.8-12.8h-22.4c-6.4 0-12.8 6.4-12.8 12.8v70.4c0 6.4 6.4 12.8 12.8 12.8z" class=""></path></svg></i> <img decoding="async" width="16" height="16" alt="Loading" data-src="https://www.centronocaminhodaluz.com.br/wp-content/plugins/page-views-count/ajax-loader-2x.gif" border=0 src="data:image/svg+xml;base64,PHN2ZyB3aWR0aD0iMSIgaGVpZ2h0PSIxIiB4bWxucz0iaHR0cDovL3d3dy53My5vcmcvMjAwMC9zdmciPjwvc3ZnPg==" class="lazyload" style="--smush-placeholder-width: 16px; --smush-placeholder-aspect-ratio: 16/16;" /></p>
<div class="pvc_clear"></div>

<p>Preparatório Objetivos: Proporcionar aos educandos: Visão da Doutrina Espírita em seu tríplice aspecto: filosofia, ciência e religião; Sugerir e estimular a busca com profundidade das obras básicas: Livro dos Espíritos Livro dos Médiuns Evangelho segundo o Espiritismo A Gênese O Céu e o Inferno Reformular conceitos religiosos, buscando uma compreensão desprovida de dogmas e medos,&hellip; <br /> <a class="read-more" href="https://www.centronocaminhodaluz.com.br/index.php/cursos/">Leia mais</a></p>
<div class="pvc_clear"></div>
<p id="pvc_stats_1200" class="pvc_stats all  " data-element-id="1200" style=""><i class="pvc-stats-icon medium" aria-hidden="true"><svg aria-hidden="true" focusable="false" data-prefix="far" data-icon="chart-bar" role="img" xmlns="http://www.w3.org/2000/svg" viewBox="0 0 512 512" class="svg-inline--fa fa-chart-bar fa-w-16 fa-2x"><path fill="currentColor" d="M396.8 352h22.4c6.4 0 12.8-6.4 12.8-12.8V108.8c0-6.4-6.4-12.8-12.8-12.8h-22.4c-6.4 0-12.8 6.4-12.8 12.8v230.4c0 6.4 6.4 12.8 12.8 12.8zm-192 0h22.4c6.4 0 12.8-6.4 12.8-12.8V140.8c0-6.4-6.4-12.8-12.8-12.8h-22.4c-6.4 0-12.8 6.4-12.8 12.8v198.4c0 6.4 6.4 12.8 12.8 12.8zm96 0h22.4c6.4 0 12.8-6.4 12.8-12.8V204.8c0-6.4-6.4-12.8-12.8-12.8h-22.4c-6.4 0-12.8 6.4-12.8 12.8v134.4c0 6.4 6.4 12.8 12.8 12.8zM496 400H48V80c0-8.84-7.16-16-16-16H16C7.16 64 0 71.16 0 80v336c0 17.67 14.33 32 32 32h464c8.84 0 16-7.16 16-16v-16c0-8.84-7.16-16-16-16zm-387.2-48h22.4c6.4 0 12.8-6.4 12.8-12.8v-70.4c0-6.4-6.4-12.8-12.8-12.8h-22.4c-6.4 0-12.8 6.4-12.8 12.8v70.4c0 6.4 6.4 12.8 12.8 12.8z" class=""></path></svg></i> <img decoding="async" width="16" height="16" alt="Loading" data-src="https://www.centronocaminhodaluz.com.br/wp-content/plugins/page-views-count/ajax-loader-2x.gif" border=0 src="data:image/svg+xml;base64,PHN2ZyB3aWR0aD0iMSIgaGVpZ2h0PSIxIiB4bWxucz0iaHR0cDovL3d3dy53My5vcmcvMjAwMC9zdmciPjwvc3ZnPg==" class="lazyload" style="--smush-placeholder-width: 16px; --smush-placeholder-aspect-ratio: 16/16;" /></p>
<div class="pvc_clear"></div>
